{"version":"1.0","provider_name":"TesztUj","provider_url":"https:\/\/artortenet.hu\/tesztuj","author_name":"Danyi P\u00e1l","author_url":"https:\/\/artortenet.hu\/tesztuj\/author\/pdanyi\/","title":"Budapesti \u00e9lelmiszer\u00e1rak 1914-ben \u00e9s 1926-27-ben - TesztUj","type":"rich","width":600,"height":338,"html":"<blockquote class=\"wp-embedded-content\" data-secret=\"hG2xXYSQIb\"><a href=\"https:\/\/artortenet.hu\/tesztuj\/budapesti-elelmiszerarak-1914-ben-es-1926-27-ben\/\">Budapesti \u00e9lelmiszer\u00e1rak 1914-ben \u00e9s 1926-27-ben<\/a><\/blockquote><iframe sandbox=\"allow-scripts\" security=\"restricted\" src=\"https:\/\/artortenet.hu\/tesztuj\/budapesti-elelmiszerarak-1914-ben-es-1926-27-ben\/embed\/#?secret=hG2xXYSQIb\" width=\"600\" height=\"338\" title=\"&#8220;Budapesti \u00e9lelmiszer\u00e1rak 1914-ben \u00e9s 1926-27-ben&#8221; &#8212; TesztUj\" data-secret=\"hG2xXYSQIb\" frameborder=\"0\" marginwidth=\"0\" marginheight=\"0\" scrolling=\"no\" class=\"wp-embedded-content\"><\/iframe><script>\n\/*! This file is auto-generated *\/\n!function(d,l){\"use strict\";l.querySelector&&d.addEventListener&&\"undefined\"!=typeof URL&&(d.wp=d.wp||{},d.wp.receiveEmbedMessage||(d.wp.receiveEmbedMessage=function(e){var t=e.data;if((t||t.secret||t.message||t.value)&&!\/[^a-zA-Z0-9]\/.test(t.secret)){for(var s,r,n,a=l.querySelectorAll('iframe[data-secret=\"'+t.secret+'\"]'),o=l.querySelectorAll('blockquote[data-secret=\"'+t.secret+'\"]'),c=new RegExp(\"^https?:$\",\"i\"),i=0;i<o.length;i++)o[i].style.display=\"none\";for(i=0;i<a.length;i++)s=a[i],e.source===s.contentWindow&&(s.removeAttribute(\"style\"),\"height\"===t.message?(1e3<(r=parseInt(t.value,10))?r=1e3:~~r<200&&(r=200),s.height=r):\"link\"===t.message&&(r=new URL(s.getAttribute(\"src\")),n=new URL(t.value),c.test(n.protocol))&&n.host===r.host&&l.activeElement===s&&(d.top.location.href=t.value))}},d.addEventListener(\"message\",d.wp.receiveEmbedMessage,!1),l.addEventListener(\"DOMContentLoaded\",function(){for(var e,t,s=l.querySelectorAll(\"iframe.wp-embedded-content\"),r=0;r<s.length;r++)(t=(e=s[r]).getAttribute(\"data-secret\"))||(t=Math.random().toString(36).substring(2,12),e.src+=\"#?secret=\"+t,e.setAttribute(\"data-secret\",t)),e.contentWindow.postMessage({message:\"ready\",secret:t},\"*\")},!1)))}(window,document);\n<\/script>\n","thumbnail_url":"https:\/\/artortenet.hu\/tesztuj\/uploads\/sites\/7\/2021\/02\/fortepan_18854-1930-Vasarcsarnok.jpg","thumbnail_width":800,"thumbnail_height":522,"description":"Az els\u0151 vil\u00e1gh\u00e1bor\u00fa kit\u00f6r\u00e9sekor \u00e9rv\u00e9nyes \u00e1raknak a legteljesebb felsorol\u00e1s\u00e1t tartalmazza az al\u00e1bbi t\u00e1bl\u00e1zat. Az 1914-es \u00e1rak az \u00e9ves \u00e1tlag\u00e1rakat jelentik a budapesti v\u00e1s\u00e1rcsarnokokban, teh\u00e1t kicsivel (1-3%) m\u00e1r magasabbak ezek az \u00e1rak, mint a h\u00e1bor\u00fa kit\u00f6r\u00e9se el\u0151tti 1914. j\u00faliusi \u00e1tlag\u00e1rak. Ez ut\u00f3bbiakat a k\u00f6vetkez\u0151 gy\u0171jt\u00e9s tartalmazza: artortenet.hu\/tesztuj\/dragulas-1914-es-1926-kozott\/ K\u00e9p: A budapesti K\u00f6zponti (F\u0151v\u00e1m t\u00e9ri) V\u00e1s\u00e1rcsarnok, 1930. Forr\u00e1s: [&hellip;]"}

Danyi Pál

Budapesti élelmiszerárak 1914-ben és 1926-27-ben - TesztUj

<blockquote class="wp-embedded-content" data-secret="hG2xXYSQIb"><a href="https://artortenet.hu/tesztuj/budapesti-elelmiszerarak-1914-ben-es-1926-27-ben/">Budapesti élelmiszerárak 1914-ben és 1926-27-ben</a></blockquote><iframe sandbox="allow-scripts" security="restricted" src="https://artortenet.hu/tesztuj/budapesti-elelmiszerarak-1914-ben-es-1926-27-ben/embed/#?secret=hG2xXYSQIb" width="600" height="338" title="&#8220;Budapesti élelmiszerárak 1914-ben és 1926-27-ben&#8221; &#8212; TesztUj" data-secret="hG2xXYSQIb" frameborder="0" marginwidth="0" marginheight="0" scrolling="no" class="wp-embedded-content"></iframe><script>
/*! This file is auto-generated */
!function(d,l){"use strict";l.querySelector&&d.addEventListener&&"undefined"!=typeof URL&&(d.wp=d.wp||{},d.wp.receiveEmbedMessage||(d.wp.receiveEmbedMessage=function(e){var t=e.data;if((t||t.secret||t.message||t.value)&&!/[^a-zA-Z0-9]/.test(t.secret)){for(var s,r,n,a=l.querySelectorAll('iframe[data-secret="'+t.secret+'"]'),o=l.querySelectorAll('blockquote[data-secret="'+t.secret+'"]'),c=new RegExp("^https?:$","i"),i=0;i<o.length;i++)o[i].style.display="none";for(i=0;i<a.length;i++)s=a[i],e.source===s.contentWindow&&(s.removeAttribute("style"),"height"===t.message?(1e3<(r=parseInt(t.value,10))?r=1e3:~~r<200&&(r=200),s.height=r):"link"===t.message&&(r=new URL(s.getAttribute("src")),n=new URL(t.value),c.test(n.protocol))&&n.host===r.host&&l.activeElement===s&&(d.top.location.href=t.value))}},d.addEventListener("message",d.wp.receiveEmbedMessage,!1),l.addEventListener("DOMContentLoaded",function(){for(var e,t,s=l.querySelectorAll("iframe.wp-embedded-content"),r=0;r<s.length;r++)(t=(e=s[r]).getAttribute("data-secret"))||(t=Math.random().toString(36).substring(2,12),e.src+="#?secret="+t,e.setAttribute("data-secret",t)),e.contentWindow.postMessage({message:"ready",secret:t},"*")},!1)))}(window,document);
</script>

Az első világháború kitörésekor érvényes áraknak a legteljesebb felsorolását tartalmazza az alábbi táblázat. Az 1914-es árak az éves átlagárakat jelentik a budapesti vásárcsarnokokban, tehát kicsivel (1-3%) már magasabbak ezek az árak, mint a háború kitörése előtti 1914. júliusi átlagárak. Ez utóbbiakat a következő gyűjtés tartalmazza: artortenet.hu/tesztuj/dragulas-1914-es-1926-kozott/ Kép: A budapesti Központi (Fővám téri) Vásárcsarnok, 1930. Forrás: [&hellip;]
